 base 14
-94b
What is -2315 (base 9) in base 3?
-2100112
23103301 (base 4) to base 7
252022
-2601 (base 7) to base 14
-501
What is 5103 (base 6) in base 12?
793
-13113 (base 5) to base 15
-48d
-12124 (base 9) to base 5
-224442
Convert -1825 (base 10) to base 15.
-81a
What is -d463 (base 14) in base 4?
-20322333
-337 (base 11) to base 16
-193
2804 (base 9) to base 6
13434
-93aa (base 13) to base 15
-60b5
Convert 6153 (base 7) to base 3.
2221110
Convert 102102 (base 3) to base 16.
134
Convert -9307 (base 11) to base 16.
-303d
Convert 20552 (base 8) to base 12.
4b4a
What is 1157 (base 10) in base 3?
1120212
What is -232201 (base 4) in base 11?
-2267
What is -2461 (base 11) in base 6?
-22513
-4303 (base 6) to base 2
-1111001111
What is 9b51 (base 12) in base 4?
10030231
Convert 1522 (base 6) to base 5.
3120
What is 2002122 (base 4) in base 10?
8346
What is 2214 (base 11) in base 12?
1833
Convert 13112 (base 4) to base 3.
122102
Convert 41534 (base 8) to base 14.
63da
-113 (base 9) to base 10
-93
Convert 7b (base 16) to base 2.
1111011
What is -b2a6 (base 13) in base 4?
-12001001
Convert cde (base 16) to base 2.
110011011110
-540 (base 15) to base 14
-609
-10c (base 13) to base 3
-20201
Convert -12111122 (base 3) to base 13.
-1a99
What is 320004 (base 6) in base 12?
13004
221320 (base 6) to base 2
100100000110000
-376 (base 9) to base 4
-10320
Convert 736 (base 11) to base 7.
2404
-5ca (base 16) to base 6
-10510
What is -22112102 (base 3) in base 6?
-44445
Convert -230203 (base 5) to base 8.
-17762
What is -101000010110 (base 2) in base 13?
-1238
Convert 22586 (base 9) to base 6.
153423
Convert 51022 (base 8) to base 13.
9742
What is -1b21 (base 12) in base 4?
-310021
-2dd (base 14) to base 6
-2415
Convert -59e (base 15) to base 11.
-a59
Convert 11011010101010 (base 2) to base 15.
422e
12977 (base 10) to base 16
32b1
5072 (base 12) to base 4
2020112
8454 (base 11) to base 8
25667
What is 7395 (base 13) in base 11?
11033
Convert 4137 (base 8) to base 6.
13531
Convert -2140 (base 5) to base 16.
-127
Convert -180 (base 13) to base 11.
-229
Convert -5653 (base 12) to base 8.
-22537
7924 (base 15) to base 7
134611
Convert 190 (base 11) to base 6.
1004
What is -58c (base 16) in base 13?
-853
Convert -12202102 (base 3) to base 9.
-5672
-3a3 (base 13) to base 5
-10030
What is 57029 (base 11) in base 12?
3b935
Convert 76e3 (base 16) to base 11.
20959
122001 (base 3) to base 7
1225
Convert 1aa2 (base 11) to base 3.
10122021
Convert 424030 (base 5) to base 6.
150013
What is 3317 (base 10) in base 11?
2546
What is -cee3 (base 16) in base 7?
-310261
Convert 101204 (base 7) to base 13.
7b11
What is e10c (base 15) in base 5?
3004422
Convert -13322 (base 8) to base 15.
-1ae7
25717 (base 12) to base 13
1a37a
Convert -4bc (base 14) to base 12.
-672
Convert 205 (base 15) to base 11.
384
What is -256 (base 13) in base 10?
-409
What is 212412 (base 6) in base 9?
25818
Convert -1adf (base 16) to base 3.
-100102210
What is 2a74 (base 12) in base 9?
6747
What is -b57b (base 13) in base 7?
-133135
What is 2662 (base 7) in base 8?
2000
What is 3003 (base 4) in base 6?
523
-30620 (base 7) to base 11
-5709
Convert -1b303 (base 12) to base 16.
-9cf3
What is -2b4 (base 13) in base 15?
-225
Convert -7187 (base 11) to base 3.
-111002002
What is 32563 (base 8) in base 4?
3111303
What is 10000111101 (base 2) in base 7?
3110
Convert 22442 (base 6) to base 13.
15b9
Convert 10000111 (base 2) to base 12.
b3
-240334 (base 6) to base 8
-50602
-15db (base 16) to base 12
-32a3
What is -10020 (base 10) in base 6?
-114220
23231 (base 4) to base 14
3b7
Convert -46330 (base 9) to base 3.
-1120101000
-1240 (base 10) to base 7
-3421
aaa9 (base 15) to base 13
135c6
-2a8b (base 15) to base 9
-13465
What is -2d6 (base 15) in base 3?
-220010
Convert 36240 (base 9) to base 16.
5ebf
Convert -24650 (base 10) to base 5.
-1242100
Convert 23022 (base 4) to base 6.
3150
341324 (base 5) to base 7
50150
-6c8 (base 13) to base 2
-10010011010
-23 (base 7) to base 10
-17
1fb (base 16) to base 5
4012
Convert -4405 (base 15) to base 5.
-430110
What is 119 (base 13) in base 8?
277
What is -1225 (base 7) in base 10?
-460
1485 (base 13) to base 2
101110100110
What is -33287 (base 9) in base 7?
-121315
-331 (base 4) to base 8
-75
What is -24387 (base 9) in base 15?
-4caa
Convert 10885 (base 11) to base 5.
1000302
Convert -1258 (base 10) to base 11.
-a44
What is -49b (base 15) in base 10?
-1046
Convert -1933 (base 10) to base 16.
-78d
23130 (base 6) to base 9
4460
What is 3d81 (base 16) in base 9?
23534
-14055 (base 7) to base 2
-111011100101
21322 (base 5) to base 6
10434
Convert -10110000 (base 2) to base 11.
-150
What is 230 (base 11) in base 13?
182
Convert 22e (base 15) to base 7.
1304
494 (base 12) to base 7
2002
Convert -54a (base 14) to base 13.
-626
What is 220140 (base 7) in base 5?
2212433
What is -3236 (base 13) in base 12?
-4052
-100064 (base 7) to base 9
-25105
Convert -22525 (base 6) to base 5.
-100341
What is -a1 (base 12) in base 5?
-441
What is -11cd4 (base 15) in base 8?
-157103
Convert -60a2 (base 13) to base 2.
-11010000000010
2121 (base 5) to base 4
10132
Convert -12123 (base 4) to base 9.
-506
-121100 (base 4) to base 9
-2185
Convert -66579 (base 10) to base 8.
-202023
2022011112 (base 3) to base 5
2422240
-1202 (base 7) to base 13
-281
What is 102213 (base 5) in base 13?
1741
What is 1351 (base 6) in base 13?
214
What is 1201 (base 5) in base 2?
10110000
-11121 (base 4) to base 15
-180
10300 (base 6) to base 8
2574
What is -403 (base 11) in base 16?
-1e7
What is 1260 (base 8) in base 16?
2b0
367a4 (base 11) to base 13
1b0ac
Convert 3242 (base 7) to base 5.
14112
What is 1246 (base 7) in base 13?
2a7
Convert -2555 (base 9) to base 10.
-1913
What is 2964 (base 11) in base 14?
156d
What is -6ab (base 12) in base 11?
-825
1233 (base 4) to base 2
1101111
What is -11213 (base 10) in base 6?
-123525
Convert 12412 (base 9) to base 8.
20242
-280a (base 15) to base 3
-102202001
What is -54637 (base 8) in base 15?
-6be8
Convert 1195 (base 14) to base 2.
101111111111
Convert 10123312 (base 4) to base 14.
6898
-177410 (base 8) to base 6
-1222132
What is -32077 (base 9) in base 10?
-21211
Convert 23a (base 11) to base 15.
140
-52565 (base 7) to base 12
-761b
100010000011 (base 2) to base 6
14031
-10563 (base 8) to base 15
-14cc
1511 (base 7) to base 10
596
What is 1db (base 16) in base 7?
1246
1578 (base 10) to base 6
11150
Convert 222221000 (base 3) to base 8.
46255
What is -655 (base 9) in base 13?
-323
-316064 (base 7) to base 8
-153216
What is 85b0 (base 12) in base 11?
10032
What is 2100021 (base 3) in base 9?
2307
What is -1e7 (base 16) in base 2?
-111100111
-8513 (base 15) to base 3
-1102121100
-18c (base 16) to base 11
-330
12333 (base 5) to base 15
448
What is 341021 (base 5) in base 16?
2eeb
-3b5 (base 15) to base 16
-34d
Convert 13242 (base 5) to base 7.
3061
What is -139 (base 10) in base 14?
-9d
243 (base 7) to base 4
2001
Convert -65c8 (base 13) to base 10.
-14191
Convert 1002221 (base 4) to base 6.
31425
Convert -347 (base 10) to base 9.
-425
Convert 5371 (base 8) to base 5.
42214
What is 7754 (base 10) in base 14?
2b7c
-202d (base 14) to base 12
-3249
Convert 1211101012 (base 3) to base 4.
20302130
Convert -120012 (base 4) to base 2.
-11000000110
What is -45603 (base 7) in base 6?
-125440
What is 269c (base 16) in base 14?
3860
-53b0 (base 13) to base 10
-11635
5 (base 16) to base 3
12
-1515 (base 6) to base 16
-197
What is -8007 (base 11) in base 13?
-4b08
What is 53331 (base 6) in base 11?
54a6
Convert -e (base 15) to base 9.
-15
Convert -123 (base 6) to base 7.
-102
What is -611 (base 11) in base 6?
-3230
Convert 6108 (base 9) to base 15.
14c8
-210323 (base 5) to base 2
-1101100110011
2202 (base 5) to base 7
611
Convert 152 (base 11) to base 12.
12a
-735 (base 8) to base 11
-3a4
Convert -3598 (base 11) to base 8.
-11141
Convert 242014 (base 6) to base 8.
51272
Convert -1062 (base 7) to base 13.
-23a
Convert 108 (base 13) to base 4.
2301
What is a626 (base 16) in base 7?
235002
Convert 2002021 (base 3) to base 6.
11011
-20085 (base 9) to base 2
-11001110001111
-13335 (base 6) to base 7
-6023
Convert -14875 (base 12) to base 9.
-43558
24ac1 (base 13) to base 9
112845
201202001 (base 3) 